2 - 3*y - 1. Let c be a(-2). Suppose 4*r + 27 = -5*h + 124, -3*h + 36 = -c*r. Suppose 2*j - 3 = h. What are the prime factors of j?
2, 5
Let u = -16 + 18. Suppose -5*c = 4*o - 54, 3*o - u*o + 4*c - 8 = 0. List the prime factors of o.
2
Let t = 59 + 12. What are the prime factors of t?
71
Let i = -76 + 112. List the prime factors of i.
2, 3
List the prime factors of 24/(-60)*(-364 + -1).
2, 73
Let d be 21/((-4)/((-8)/3)). Suppose 5*p - 39 = -d. Suppose -7*f + 53 = -3*f + l, 61 = p*f + 3*l. What are the prime factors of f?
2, 7
Suppose 3*g + 129 + 51 = 0. Let l be (1 + 3/(-2))*g. Suppose -5*v = -8*v + l. What are the prime factors of v?
2, 5
Let a = 2 + -2. Suppose 2*g - 5*k - 40 = -a*k, -g = -3*k - 20. List the prime factors of g.
2, 5
Suppose -2*k = -2 - 4. Suppose -28 + 7 = -k*t. List the prime factors of t.
7
Let b(w) = -7 + 8 - 14*w**2 + w + w**3 + 13. List the prime factors of b(14).
2, 7
Let h(c) = 11*c + 60. What are the prime factors of h(7)?
137
Let u(z) = -3 + 2 + 6*z**2 - 3*z + 1 - z**3 - 2. What are the prime factors of u(5)?
2
Suppose -5*u = 3*f + 34, -f - 24 = 2*f + 3*u. Let z be (-6)/((-1 - f)/2). Let g(i) = i**2 + 4*i + 8. List the prime factors of g(z).
2, 5
Suppose -3*v + 289 = 3*z + 2*z, z = 3*v + 65. What are the prime factors of z?
59
Let o(s) = 3*s - 6. What are the prime factors of o(7)?
3, 5
Let d(s) = -s**3 + 2*s + 50. What are the prime factors of d(0)?
2, 5
Suppose 0 = -4*y + 5*h - 52, -5*h + 2*h - 20 = 4*y. Let b be (y + 2 - -2)/(-2). Suppose -2*c = -b - 8. List the prime factors of c.
5
Let r(q) = -2*q**2 - 4*q. Let s be r(-3). Suppose 0 = -5*n + 15, 5*d - 5*n + 23 = -27. What are the prime factors of (-33)/d - s/21?
5
Let q = -36 - -88. What are the prime factors of (3 - 1)/(8/q)?
13
Let w(f) = 42*f**3 - f. List the prime factors of w(1).
41
Let c = 1 - -1. Suppose c*u = -u + 33. Suppose -4*p = -5 - u. List the prime factors of p.
2
Suppose 2*i + 4 = -3*p, -4 = 6*i - 4*i - 5*p. Let f be i/(-6) + 3/(-9). Let v = f - -2. What are the prime factors of v?
2
Let i be (-3)/15 + 63/15. List the prime factors of (-2)/(1 - 6/i).
2
Let b = -49 - -93. Suppose 5*j - b = j. What are the prime factors of j?
11
Let q = 45 - -12. What are the prime factors of q?
3, 19
Let l(o) = 7*o - 2 + 4*o**2 - o + 3. What are the prime factors of l(-4)?
41
Let x(n) = -3*n + 4. Let g be x(8). Let j be ((-12)/10)/(6/g). Suppose -t + 0 = -j. List the prime factors of t.
2
Suppose 16 = -4*x + 2*a, x - a + 18 = 3*a. What are the prime factors of (-9)/x*8/6?
2, 3
Suppose 66 = -2*h + 4*h. What are the prime factors of h?
3, 11
Let r(v) = 2*v**2 - 5*v - 7. Let i be 60/8*4/6. List the prime factors of r(i).
2, 3
Let d(i) = 2*i**3 - 7*i**2 + 6*i - 1. List the prime factors of d(5).
2, 13
Suppose -3*y = 3*j - 72, -3*j + y + 4*y = -88. List the prime factors of j.
2, 13
Let v be 171/(-6)*(-6)/9. Let b = -8 - v. Let j = -16 - b. What are the prime factors of j?
11
Suppose -4*q - 9 = 7. Let u = 0 - q. Suppose -4*x + u*h = -9*x + 29, 3*x - 19 = -2*h. List the prime factors of x.
3
Let n = -15 + 47. What are the prime factors of n?
2
Suppose -47 = -4*d + j, -3*j - 6 - 31 = -4*d. What are the prime factors of d?
13
Let t be (-2)/(-1)*3/2. Suppose -3*x + 4*z - 3 = 0, 0 = -4*x - 0*z - t*z + 21. Let l = 9 - x. What are the prime factors of l?
2, 3
Suppose 0 = u + 1 + 4. Let t = u - -5. Suppose n = 3*q - 3*n - 24, q + 4*n - 24 = t. What are the prime factors of q?
2, 3
Suppose 3*z + 5*f = 88, -z + 17 = f - 11. List the prime factors of z.
2, 13
Let v(m) = m**3 + 6*m**2 - 3*m - 1. Let o be v(-6). Suppose o*j + 63 = 20*j. List the prime factors of j.
3, 7
Let o(u) = u**2 - 9*u - 10. Let w be o(10). Let n(v) = -v**3 - v**2 + 15. What are the prime factors of n(w)?
3, 5
Suppose 4*b - 2*j = j + 106, 4*j = -8. Suppose -2*c + 2*z = -6, 4*c + z - b = c. What are the prime factors of c?
7
Let z(f) = 5*f**2 - f + 9. Let m(h) = h**2. Let g(j) = -4*m(j) + z(j). Let c = -1 + 1. List the prime factors of g(c).
3
Let p be 2*(-2)/((-12)/15). Suppose p = -x + 12. What are the prime factors of x?
7
Let h = 18 + 43. List the prime factors of h.
61
Let w(i) = -6*i. Let q(y) = -y. Let z(r) = r**2 + 5*r - 6. Let f be z(-7). Let o(m) = f*q(m) - w(m). What are the prime factors of o(-2)?
2
Let u(n) = 6*n**2 - 2*n - 1. Suppose 4*r = r - 21. Let x = r - -6. What are the prime factors of u(x)?
7
Let d = 71 - -34. List the prime factors of d.
3, 5, 7
Let c(l) be the first derivative of -3*l**2/2 - 9*l + 7. What are the prime factors of c(-7)?
2, 3
Let t(g) = 5 + 4*g + 3*g**3 - 4*g**2 - g**3 - 3*g**3. List the prime factors of t(-6).
53
Let b = -3 - -6. Suppose 0 = -0*x - b*x. Suppose 3*h - 27 - 12 = x. List the prime factors of h.
13
Suppose -3*d + 81 = 3*v, -d = -5*v - 52 + 7. What are the prime factors of d?
2, 3, 5
Let v be (1 + 4)*(1 - 0). Let u(m) = m**2 - 4*m + 1. What are the prime factors of u(v)?
2, 3
Let p = -52 + 79. What are the prime factors of p?
3
Suppose 2*c = 5*c - 3*f - 9, 1 = 2*c - f. Suppose 3*b = 8*b - 30. List the prime factors of -1 + (c - (-1 - b)).
2
Let i be 24/(-6)*(-2 - -1). Suppose -2*x = i*r - 6, -3*r = x - 4 - 2. List the prime factors of r.
3
Let k be 9/7 - 4/14. Let j(v) = 15*v**3. List the prime factors of j(k).
3, 5
Suppose 8 = -4*r, 2*p - 9 - 13 = 5*r. Suppose -100 = 2*z - p*z. List the prime factors of z.
5
Let b(s) be the first derivative of s**6/360 + s**5/120 + s**4/12 - 2*s**3/3 - 2. Let c(f) be the third derivative of b(f). List the prime factors of c(-3).
2
Let j(d) = d**3 + 3*d**2 - 3*d + 5. Let l = -7 - -3. Let r be j(l). Suppose 2*p + 5*v - r = 0, 4*p + 3*v - 5 = 4. What are the prime factors of p?
3
Let k(z) = 2*z + 13. What are the prime factors of k(7)?
3
Let v(l) be the second derivative of -1/6*l**3 + 3*l**2 - 3*l + 0. What are the prime factors of v(-7)?
13
Let x(n) = 3*n**3 + n**2 - n. Let h be x(1). Suppose h*y - 8 = -y. Suppose 2*i + y = 26. List the prime factors of i.
2, 3
Suppose -4*v + 4*w = -16, 0 = -4*v + 3*w - 12 + 32. Let b = -6 + v. Suppose 33 = 5*c - b*c. What are the prime factors of c?
11
Let z be 8/10*10/4. Let l(k) = 2 + 3*k**z + 1 + 0 - 4*k + k**3. List the prime factors of l(-4).
3
Suppose -w + 0*w + 3*z + 18 = 0, 10 = 3*w + 2*z. What are the prime factors of -2*1*(-15)/w?
5
Suppose -30 - 222 = -3*x. What are the prime factors of x?
2, 3, 7
Let a = 6 - 3. Suppose -5*u + 70 = 2*c, -3*u = -a*c - 38 + 101. List the prime factors of c.
5
Suppose -p - 3*g + 19 = -36, 5*g = -5*p + 295. Let w = -28 + p. List the prime factors of w.
3, 11
Suppose -64 = -3*g - 2*g - 2*a, 0 = -4*g - 3*a + 54. Suppose 2*r = -g + 54. List the prime factors of r.
3, 7
Let q(n) = -8*n + 7. Let x be q(10). Let k = -9 - x. Suppose -v - 3*h + 22 = -6*h, 4*h = 4*v - k. What are the prime factors of v?
13
Let n be (-2)/((-4)/(-6)) + 9. Let s(p) = p**3 - 6*p**2 - p + 6. Let x be s(n). Suppose x = -4*w - r + 70, 0*w + 59 = 3*w + 4*r. List the prime factors of w.
17
Let p(x) = -x**2 + 19*x - 6. What are the prime factors of p(13)?
2, 3
Let a(l) be the third derivative of -l**4/6 + l**3/3 + 2*l**2. Let c be a(-2). Let f(v) = 2*v - 5. What are the prime factors of f(c)?
3, 5
Let h = 138 + -79. What are the prime factors of h?
59
Suppose 8 = 4*r - 0*r. Let j(c) = c**3 - c**2 + 2*c. List the prime factors of j(r).
2
Suppose 2*c + 5*s = 3*c - 35, c - 31 = 3*s. Suppose 4*d = f - c, d = 3*f - 43 - 21. What are the prime factors of f?
3, 7
Suppose u = 4*d + 78, 167 + 111 = 3*u - d. What are the prime factors of u?
2, 47
Let n(o) = 3*o**2 + 23*o - 50. What are the prime factors of n(6)?
2, 7
Suppose 4*f = -4 + 100. Suppose 3*i - i = f. List the prime factors of i.
2, 3
Let b = -1 - 1. Let u be (b/3 - -1)*39. Let q = u - 5. What are the prime factors of q?
2
Suppose -3*r + r - 6 = 0. List the prime factors of (((-78)/2)/r)/1.
13
Let m = -4 + 1. Let r = 0 - m. List the prime factors of r.
3
Let v = -17 + 38. List the prime factors of v.
3, 7
Let z = -2 - -6. List the prime factors of (6/z)/(3/28).
2, 7
Suppose 2 + 1 = s. Let q = s + -3. Suppose 4*p - 5*y - 2 = 0, q*p + 4 = 4*p - 4*y. List the prime factors of p.
3
Let h = 216 + -136. What are the prime factors of h?
2, 5
Suppose -5 = -5*o + 5*s, 39 = -2*o + 6*o + 3*s. Suppose -4*r + o + 2 = 0. Suppose -a + m + r*m +